29 = -31. Let o = v - -47. Calculate the highest common divisor of 74 and o.
37
Let m(j) = 12*j - 42. Let p be (19/3)/1 - (-2)/(-6). Let g be m(p). Calculate the greatest common factor of g and 690.
30
Suppose -183 = -m + 5*i - 0*i, -4*m = 3*i - 778. Calculate the highest common divisor of m and 1.
1
Suppose 3*n - 5*h - 61 = 0, 3*n - 2*h - 11 = -7*h. Let v be 0 + 63 + 1 - (33 + -29). Suppose -v = -3*g + g. Calculate the greatest common factor of n and g.
6
Let s = 2 + 3. Suppose -s*c = -172 - 3. Suppose -2*x = 8, -14 = v + 4*x - 3. Calculate the highest common divisor of c and v.
5
Let b(k) = -k**2 + 7*k - 5. Let p be b(5). Suppose -4*x + p*x - 6 = 0. Let u = 4643 - 4635. What is the greatest common divisor of u and x?
2
Let z(k) = -k**2 - 2*k + 148. Let v be z(0). Suppose 384*h + 188*h - 565 = 8587. What is the highest common factor of h and v?
4
Let l(i) be the third derivative of i**5/15 - 2*i**4 + 2*i**3 - i**2 + 30*i. Let w be l(12). What is the greatest common factor of 68 and w?
4
Let m = 178 - 175. Suppose m*f = -87 + 90. Suppose -4*x + 25 = x. Calculate the greatest common factor of f and x.
1
Let y(o) = 10*o**2 + 7*o**2 + 31 + 17*o**2 - 33*o**2 + 15*o + 15*o. Let f be y(-33). What is the highest common factor of 104 and f?
26
Suppose -q + 5*r - 132 = 0, 5*q - 4*r = -0*r - 723. Let b = -77 - q. What is the highest common divisor of b and 28?
14
Let w be 4/(-30) + (1694/(-30))/(-11). Suppose -z - 2*z + w*s + 202 = 0, 4*s = 3*z - 203. Calculate the greatest common factor of 207 and z.
69
Let q = 222 - 102. Let z = 124 - q. Calculate the greatest common divisor of z and 52.
4
Let o = 1298 - 926. Let a = o - 365. Calculate the highest common divisor of a and 1.
1
Let h(v) = 23*v + 435. Let o be h(-18). What is the highest common factor of 1407 and o?
21
Let w(h) = 2*h**2 + h - 39. Let b be w(7). Calculate the highest common factor of b and 957.
33
Suppose -92*r + 4235 = -81*r. Let v be (1980/r)/(2/7). Calculate the greatest common divisor of 279 and v.
9
Let a(z) = 6*z + 29. Let w be a(-4). Suppose 2*s - 4*b + 24 = -2*s, -3*b + 34 = -5*s. Let p be 8/(-6)*12/s. Calculate the highest common divisor of p and w.
1
Let i = -45 + 49. Suppose -3*c + 3*q - 90 = -c, i*c - 3*q + 180 = 0. Let a be 2/(-9) - 3070/c. Calculate the highest common factor of 17 and a.
17
Let s = -719 + -617. Let n = -751 - s. Suppose -17*v = -12*v - n. What is the greatest common divisor of v and 13?
13
Let x = 1439 - 857. Let l = 694 - x. Let g = -29 + 43. What is the greatest common factor of l and g?
14
Suppose 48 = 2*d - 3*g, 2*d - g = g + 44. Let w = -81 - -56. Let r be (7 + w)*2/(-3). What is the highest common factor of r and d?
6
Let d be 6/(-48) - (-25313)/136. What is the greatest common divisor of 32178 and d?
186
Let c = 1185 + 1109. What is the greatest common divisor of 148 and c?
74
Let k(z) = z**2 + 16*z - 11. Let o be 6/(-33) + (-4 - 423/33). Let x be k(o). Calculate the highest common factor of x and 96.
6
Let a(u) = 25*u**2 + 9*u - 11. Let h be a(1). Suppose -4*l - 5*z + 2663 = 0, z + 3*z = -4. What is the greatest common divisor of h and l?
23
Let h be (-776)/(-28) - 36/(-126). Let u(a) = -a - 6. Let w be u(0). Let x = w + 13. What is the highest common factor of h and x?
7
Let m(o) = -o**2 + 19*o - 56. Let c be m(15). Suppose 0 = -c*g - 0*g + 220. What is the greatest common divisor of 176 and g?
11
Let m = 14584 + -4924. Calculate the greatest common divisor of m and 105.
105
Suppose 0 = -2*v + 2*o - 4, 0 = 8*v - 3*v + o + 22. Let x be (-2)/v + 6/4. Let s be x + 0 + (-135)/(-5). Calculate the greatest common factor of s and 145.
29
Let y be 7/(7/48)*(2 + 15/2). Calculate the greatest common divisor of 3078 and y.
114
Let m(s) = -2*s**2 + 22*s - 60. Let z be m(5). Suppose -d + z*a + 61 = a, -3*d = -2*a - 193. Calculate the greatest common divisor of 21 and d.
21
Suppose -4*m = -2*m - 10. Suppose -313 - 187 = -m*t. Suppose -4*n + j + 83 = 0, -4*j + 88 = -415*n + 420*n. What is the greatest common divisor of t and n?
20
Let l be (-5060)/8*32/(-20). What is the greatest common divisor of 44 and l?
44
Suppose d = -6, 0 = 4*y + 20*d - 24*d - 924. Let b(s) = -s**3 - 3*s**2 + s + 5. Let z be b(-5). What is the greatest common divisor of z and y?
25
Let t(h) = 3*h**2 + 106. Let i(m) = m**2 + 2*m + 1. Let x be i(-1). Let u be t(x). Calculate the highest common divisor of u and 159.
53
Suppose -2*d = -n - 8, 0*n = 5*d + 5*n + 10. Let f be d/(-10) + 21/(945/2124). Calculate the highest common factor of 611 and f.
47
Let b(c) = -52*c + 1398. Let o be b(13). What is the highest common divisor of 76 and o?
38
Let t(v) = -v**3 + 18 + 9*v - 10 + 0*v + 8*v**2. Let m be t(9). Suppose c - 2*g = 19, g - 3*g = -m. What is the highest common divisor of c and 18?
9
Suppose v = 2 - 0. Suppose 4*y - 63 = 5*l, 3*y = -6*l + v*l - 69. Let k be 6/l - 94/(-10). What is the greatest common divisor of 3 and k?
3
Suppose -35*f = -47*f + 15444. Calculate the greatest common divisor of 297 and f.
99
Suppose 6*h + l = h + 770, 0 = -6*l. What is the highest common divisor of 946 and h?
22
Let q(l) = 320*l + 17. Let p(g) = -159*g - 8. Let k(z) = -5*p(z) - 3*q(z). Let y be k(-2). What is the highest common divisor of y and 11?
11
Let n(s) = 2*s**3 + 64*s**2 - 88*s - 57. Let a be n(-33). What is the greatest common divisor of 6 and a?
3
Let c = 16819 - 16342. What is the highest common factor of 5300 and c?
53
Let z be 56 - (1 + -2 + 1). Let s be (-8104)/(-16) - 1/2. Suppose -7*o + 474 = -s. Calculate the highest common factor of o and z.
28
Let x be ((-13)/(-65) - 113/(-35))*56/2. Suppose 2*g + 7 = 5*m - 11, 2*g = -2*m - 4. Suppose -3*y = m*y - 60. Calculate the greatest common factor of y and x.
12
Let i = -213 + 98. Let m = i + 104. Let z(c) = c**2 + 7*c - 14. Let a be z(m). What is the greatest common factor of a and 6?
6
Let x(m) = -1105*m - 6514. Let r be x(-6). Calculate the highest common factor of r and 3596.
116
Let w be (2/(-5)*5)/(1/(-21)). Suppose -x = 3*x - 24. Let r be 20/x*9/5. Calculate the highest common divisor of w and r.
6
Suppose -5*c + a + 3*a = -119, -39 = -c - 3*a. Let z = c + -15. Let g = -3727 - -3733. What is the greatest common factor of g and z?
6
Let l = 9 + 42. Let g(t) = -t**3 - 11*t**2 + 12*t + 10. Let v be g(-12). Suppose o + 3*o = p + 131, v = 2*p. What is the highest common factor of l and o?
17
Let q be (-13 - 114/(-12))*-840. What is the highest common factor of 24 and q?
12
Let c = 6499 - 5739. Calculate the greatest common divisor of c and 280.
40
Let g be (10 - (5 - 1)) + -3. Suppose 0 = -2*m - g*d + 7, m = -4*d - d + 7. Calculate the highest common factor of 1 and m.
1
Let o = 3248 + 848. Calculate the highest common divisor of o and 64.
64
Let x(l) be the first derivative of 18*l**2 - 1. Let f(y) = -4*y**2 + 23*y - 14. Let c be f(5). Let t be x(c). Calculate the greatest common factor of 12 and t.
12
Suppose -12 = -172*d + 170*d. Suppose z + d = 34. Suppose -9*v + 242 = -z. What is the highest common factor of 50 and v?
10
Let m(d) = -967*d + 16314. Let f be m(13). Calculate the greatest common divisor of f and 19.
19
Suppose -17*p + 18*p + 1 = 0, -2*o + 4*p + 216 = 0. Let c = 312 + -47. Calculate the highest common factor of o and c.
53
Suppose u + 5*w + 0*w = 12, 5*u - 4*w + 56 = 0. Let j be (u - -4) + -1 + 1 + 174. What is the greatest common factor of 10 and j?
10
Suppose -4*w - 4*v - 140 + 540 = 0, 0 = 5*w - 3*v - 532. Calculate the highest common divisor of w and 338.
26
Let t = -61 + 84. Let i = t + -8. Suppose f + 3*v = 117 + i, 0 = 2*v. Calculate the highest common divisor of 33 and f.
33
Let f be -18*1/((-6)/220). Suppose 7*v = 4*v + f. Let n(g) = -1649*g - 39556. Let w be n(-24). Calculate the highest common divisor of v and w.
20
Let g(p) = -p**3 - 11*p**2 + 35*p + 8. Let a be g(-8). Let y = a + 513. Calculate the greatest common divisor of 105 and y.
7
Suppose 0*t - 4*l = t, 0 = -2*t + 2*l + 10. Let u be 87/(-58) - (-18)/t. Calculate the highest common divisor of u and 6.
3
Let x = 34 + -26. Suppose 74 + 38 = x*l. What is the greatest common factor of 56 and l?
14
Let j = 10710 + -6768. Calculate the highest common factor of 108 and j.
54
Suppose 3*s - 491 = -112*t + 107*t, 3*s = 5*t - 449. Calculate the greatest common divisor o